2 + -7?
-5636509
In base 6, what is 2 + -443555504?
-443555502
In base 2, what is -1010010001 + -11001101010110?
-11010111100111
In base 2, what is 11 - 1010110001010001000?
-1010110001010000101
In base 3, what is -10 - -2101001010?
2101001000
In base 14, what is 2d6d8d50 - 4?
2d6d8d4a
In base 14, what is -1b8abb3 + -5?
-1b8abb8
In base 4, what is -313221331120221 - -11?
-313221331120210
In base 9, what is 12 - 13004284?
-13004272
In base 4, what is 221 - 133330010?
-133323123
In base 12, what is -7b8bab6 - -5?
-7b8bab1
In base 13, what is 293b03 - -6?
293b09
In base 11, what is 341173 + -242?
340a31
In base 3, what is -1 + -22111022011022?
-22111022011100
In base 9, what is -108403 - 2022?
-111425
In base 14, what is -a2 + 3b069?
3ada7
In base 10, what is -71533 - -92?
-71441
In base 10, what is 22 + 183263?
183285
In base 11, what is 244711535 - -1?
244711536
In base 8, what is 3 - 51145023?
-51145020
In base 8, what is -6 - 3564467?
-3564475
In base 12, what is -4 - -47758013?
4775800b
In base 13, what is -47a08 - 732?
-4843a
In base 12, what is 10 + -21b7a5?
-21b795
In base 15, what is -d8 + -247e?
-2567
In base 5, what is 13442 + -34443?
-21001
In base 6, what is -42 - -51221354?
51221312
In base 5, what is 44411020233 - 24?
44411020204
In base 3, what is -11022202201 + -1000?
-11022210201
In base 7, what is -25466523 - 233?
-25500056
In base 12, what is -76383 - -47b?
-75b04
In base 14, what is -1 + 8322dc?
8322db
In base 3, what is 10 - -20122220122200221?
20122220122201001
In base 10, what is -7049 + -2061?
-9110
In base 12, what is 93b0 - 383?
9029
In base 3, what is 1010010 - 21010220200?
-21002210120
In base 10, what is -1354689 + -34?
-1354723
In base 16, what is -5df6 - -899b?
2ba5
In base 4, what is -231022000133 - -13?
-231022000120
In base 12, what is -29 - 4a4639?
-4a4666
In base 5, what is 2311234 - 43132?
2213102
In base 11, what is -36a - 54786a?
-548129
In base 4, what is -2022300001 - -302?
-2022233033
In base 5, what is 24441 + 1324414?
1404410
In base 12, what is -51b5 + -8ab6?
-120ab
In base 16, what is -176 - -9b62?
99ec
In base 6, what is -111 + -411145554?
-411150105
In base 5, what is 13 + -212223341?
-212223323
In base 12, what is 19965 - -141?
19aa6
In base 11, what is -1687a + 29?
-16851
In base 5, what is -3301230 - -14202?
-3232023
In base 7, what is 652544 + -4056?
645455
In base 14, what is 4a8c + ad?
4b5b
In base 3, what is 21021 + 100101001?
100122022
In base 5, what is -2400 + 401130?
343230
In base 3, what is 202201 - 220022211?
-212120010
In base 6, what is -11413543 - 1245?
-11415232
In base 6, what is -4501043 + 211?
-4500432
In base 8, what is -12703552 + 447?
-12703103
In base 12, what is -6 + -136b219b?
-136b21a5
In base 3, what is 21021102022110 - -222?
21021102100102
In base 10, what is 3483903 - 4?
3483899
In base 13, what is -2c772 - -121b?
-2b554
In base 13, what is 15b + 671c?
687a
In base 10, what is -1307 - -32503?
31196
In base 8, what is 6 - 51525757?
-51525751
In base 2, what is -10101011011101010111 + 101111011?
-10101011010111011100
In base 14, what is 12 - -79260b?
79261d
In base 9, what is 4021487 - -41?
4021538
In base 6, what is 5513432 + 3050?
5520522
In base 9, what is 18 + -601561?
-601542
In base 4, what is -12113310203 - 22?
-12113310231
In base 9, what is 424 - -1406?
1831
In base 2, what is 11011000110001101010000 - -100?
11011000110001101010100
In base 15, what is -1151 + c36?
-41a
In base 10, what is -1 - -1438811?
1438810
In base 2, what is 111111 - -1000011000111101?
1000011001111100
In base 14, what is 2 - -6a42a81?
6a42a83
In base 3, what is 202121211210 - 1221?
202121202212
In base 8, what is -632 + 30342?
27510
In base 15, what is -a1e29e + 7?
-a1e297
In base 2, what is 11101011 - 100000000010001?
-11111100100110
In base 14, what is 7bc + 1122?
1900
In base 3, what is 2 + 10202112221001?
10202112221010
In base 13, what is 96850158 + 2?
9685015a
In base 14, what is -13 + 2501b?
25008
In base 14, what is 15d - 2dba?
-2c5b
In base 8, what is -751 + -35676?
-36647
In base 11, what is 17a31 + -a9?
17933
In base 16, what is 47a - 13b81?
-13707
In base 13, what is 15 + 2a6702?
2a6717
In base 10, what is -5 - 3632517?
-3632522
In base 16, what is ce + -99d0?
-9902
In base 14, what is -7597 - 170?
-7727
In base 5, what is 410234344 - -20?
410234414
In base 6, what is 42444 + 345104?
431552
In base 3, what is -1110 + 2002220000022121?
2002220000021011
In base 4, what is -132 + 10313331313?
10313331121
In base 6, what is 253543111 - -410?
253543521
In base 8, what is -4134760 - -152?
-4134606
In base 16, what is 5 - -7e99bd?
7e99c2
In base 10, what is 7 + -1217?
-1210
In base 4, what is -1123222013332 + -111?
-1123222020103
In base 4, what is -300020323110 - 102?
-300020323212
In base 8, what is -1521520 - -524?
-1520774
In base 12, what is 825 + -10588?
-b963
In base 5, what is 4 - -134144230310?
134144230314
In base 14, what is 3 + -317184?
-317181
In base 11, what is 20032 - 350?
1a792
In base 10, what is 1 + 1509283?
1509284
In base 12, what is 2 - 452310?
-45230a
In base 6, what is -110211 + 1501?
-104310
In base 14, what is -3 + -5360610?
-5360613
In base 7, what is -60313 - 40302?
-130615
In base 11, what is -13 - 233505?
-233518
In base 8, what is 0 - -5020445?
5020445
In base 6, what is -44431235 - 531?
-44432210
In base 13, what is -244cb + 20a1?
-2242a
In base 14, what is -7349a + -6?
-734a2
In base 5, what is 10 + -13321432343?
-13321432333
In base 15, what is b8ac2 - b3?
b8a0e
In base 8, what is 23166257 - -16?
23166275
In base 10, what is -15066 - 208?
-15274
In base 14, what is 432 - -1160?
1592
In base 5, what is 13 + -2223142043?
-2223142030
In base 8, what is -434172 - 60?
-434252
In base 5, what is -422300201341 + 2?
-422300201334
In base 3, what is -10100222111 - 21?
-10100222202
In base 4, what is 2022 - -13320031?
13322113
In base 12, what is 730b7749 + -4?
730b7745
In base 9, what is -64121325 - 1?
-64121326
In base 2, what is -1100101100010110 + 1011?
-1100101100001011
In base 9, what is -11 + -15360452?
-15360463
In base 7, what is 2542406 - 11?
2542365
In base 14, what is -16 + 1848c44?
1848c2c
In base 10, what is -3525583 - -2?
-3525581
In base 13, what is -84c + 22a68?
22219
In base 3, what is 12 + -10022102101222111?
-10022102101222022
In base 4, what is -201212 - 20103210?
-20311022
In base 12, what is -362 - 9233?
-9595
In base 16, what is -bc89436 - 1?
-bc89437
In base 12, what is -12 + 16a205?
16a1b3
In base 11, what is -581 - -9550?
8a7a
In base 11, what is 45a1 + -28155?
-23664
In base 9, what is -3400 - -1225?
-2164
In base 2, what is 10 + -1010000010001001111010101?
-1010000010001001111010011
In base 5, what is 30 + -10032030?
-10032000
In base 10, what is -414 - -231514?
231100
In base 9, what is 205162226 - -4?
205162231
In base 14, what is 813 - 11721?
-10d0c
In base 16, what is -f07 - -4c?
-ebb
In base 9, what is -526 + 113587?
113061
In base 2, what is 1001100101011000 + -110110110011?
1000101110100101
In base 5, what is -12341 - -122102042?
122034201
In base 15, what is -162121 + a?
-162116
In base 4, what is -2101303 + -20102222?
-22210131
In base 11, what is 27 - 6a9224?
-6a91a8
In base 10, what is -165348 - 215?
-165563
In base 4, what is -10 + 223110010031?
223110010021
In base 3, what is 2 - 1222222000112201?
-1222222000112122
In base 2, what is -11001000111001101101111 - -10100?
-11001000111001101011011
In base 2, what is 111101000100 + 101100111110101?
110100100111001
In base 11, what is 3 - -3167380?
3167383
In base 12, what is 0 - -50ab124?
50ab124
In base 6, what is -1044 + 1023040?
1021552
In base 16, what is -25f - -341c?
31bd
In base 13, what is -1644151 + -a?
-164415b
In base 9, what is -5067 + -33000?
-38067
In base 9, what is -1 - -1136673?
1136672
In base 2, what is 0 + -1111111100101110111100?
-1111111100101110111100
In base 11, what is -1809 + -180?
-1989
In base 7, what is 31542115 + 43?
31542161
In base 4, what is 23331 - 33303?
-3312
In base 3, what is 22022210000202 + 10?
22022210000212
In base 16, what is -111 + 9d1f?
9c0e
In base 6, what is -313531545 - -2?
-313531543
In base 7, what is 262203 - -36302?
331505
In base 5, what is 20124100 + -132?
20123413
In base 12, what is -18 - 2b7363?
-2b737b
In base 2,